e remainder when 495133 is divided by 1939.
688
What is the remainder when 229359944 is divided by 1321?
1319
What is the remainder when 161977 is divided by 1615?
477
What is the remainder when 10441 is divided by 4624?
1193
Calculate the remainder when 105418161 is divided by 4726.
5
What is the remainder when 3726091 is divided by 35?
26
Calculate the remainder when 140374 is divided by 369.
154
What is the remainder when 18311239 is divided by 42?
37
What is the remainder when 4776422 is divided by 4776386?
36
What is the remainder when 9196 is divided by 3928?
1340
Calculate the remainder when 299233 is divided by 1011.
988
Calculate the remainder when 368939 is divided by 122946.
101
What is the remainder when 124883 is divided by 24950?
133
Calculate the remainder when 29732 is divided by 5931.
77
Calculate the remainder when 52798209 is divided by 7542600.
9
Calculate the remainder when 4798026 is divided by 891.
882
What is the remainder when 69529 is divided by 52?
5
What is the remainder when 1039447 is divided by 1980?
1927
Calculate the remainder when 105008 is divided by 1251.
1175
What is the remainder when 98489080 is divided by 1542?
1540
What is the remainder when 2373359 is divided by 167?
122
What is the remainder when 1895989 is divided by 2406?
61
What is the remainder when 235897 is divided by 2115?
1132
Calculate the remainder when 2028356437 is divided by 172.
169
What is the remainder when 389585 is divided by 8638?
875
What is the remainder when 230050 is divided by 5203?
1118
What is the remainder when 15631 is divided by 2783?
1716
Calculate the remainder when 29510490 is divided by 20.
10
Calculate the remainder when 6196318 is divided by 158878.
76
What is the remainder when 42573 is divided by 7088?
45
What is the remainder when 1446169 is divided by 317?
15
Calculate the remainder when 669745 is divided by 460.
445
Calculate the remainder when 475649 is divided by 52740.
989
Calculate the remainder when 30762 is divided by 6471.
4878
What is the remainder when 452158 is divided by 130?
18
Calculate the remainder when 1913441 is divided by 67.
55
Calculate the remainder when 4435263 is divided by 131.
127
Calculate the remainder when 3303969 is divided by 177.
87
Calculate the remainder when 44369 is divided by 1180.
709
What is the remainder when 2020163 is divided by 673366?
65
What is the remainder when 13595946 is divided by 1235985?
111
What is the remainder when 3135599 is divided by 450?
449
Calculate the remainder when 23319313 is divided by 300.
13
What is the remainder when 405660960 is divided by 4227?
4224
Calculate the remainder when 18529924 is divided by 18529895.
29
Calculate the remainder when 55438461 is divided by 2944.
2941
What is the remainder when 17293 is divided by 8343?
607
What is the remainder when 3056367 is divided by 1218?
405
Calculate the remainder when 890050 is divided by 178002.
40
What is the remainder when 53401 is divided by 417?
25
Calculate the remainder when 24466501 is divided by 3528.
3349
Calculate the remainder when 21812562 is divided by 10.
2
What is the remainder when 153945 is divided by 16643?
4158
Calculate the remainder when 590809 is divided by 1641.
49
What is the remainder when 178719 is divided by 527?
66
What is the remainder when 118753 is divided by 1140?
193
Calculate the remainder when 2396307 is divided by 798747.
66
Calculate the remainder when 6913 is divided by 238.
11
What is the remainder when 18622041 is divided by 2928?
2889
Calculate the remainder when 15745873 is divided by 74.
5
What is the remainder when 3517962 is divided by 586324?
18
What is the remainder when 14407411 is divided by 4951?
1
Calculate the remainder when 15730497 is divided by 7865212.
73
What is the remainder when 1456650 is divided by 7?
6
What is the remainder when 2184005 is divided by 466?
329
Calculate the remainder when 3645008 is divided by 117.
107
What is the remainder when 91657060 is divided by 1501?
1497
What is the remainder when 9423999 is divided by 346?
343
What is the remainder when 169132 is divided by 1377?
1138
Calculate the remainder when 21794 is divided by 4275.
419
Calculate the remainder when 1018241 is divided by 3383.
3341
What is the remainder when 3808386 is divided by 705?
681
What is the remainder when 2797425 is divided by 8?
1
Calculate the remainder when 3269888 is divided by 422.
232
What is the remainder when 1845096 is divided by 72?
24
Calculate the remainder when 588263 is divided by 11725.
2013
What is the remainder when 1503644 is divided by 38548?
272
Calculate the remainder when 839299 is divided by 93255.
4
What is the remainder when 7612435 is divided by 2124?
19
What is the remainder when 194960 is divided by 1598?
4
What is the remainder when 64309 is divided by 1958?
1653
Calculate the remainder when 156524469 is divided by 41.
40
What is the remainder when 11636 is divided by 984?
812
What is the remainder when 61050 is divided by 496?
42
What is the remainder when 465387 is divided by 351?
312
Calculate the remainder when 183851215 is divided by 268.
267
Calculate the remainder when 801412 is divided by 803.
18
Calculate the remainder when 1937554 is divided by 2713.
472
Calculate the remainder when 260019 is divided by 7722.
5193
Calculate the remainder when 108047000 is divided by 156.
152
Calculate the remainder when 2422768 is divided by 59.
51
Calculate the remainder when 4655398 is divided by 4655158.
240
What is the remainder when 396509 is divided by 303?
185
Calculate the remainder when 115163 is divided by 76.
23
What is the remainder when 10317980 is divided by 6160?
6140
What is the remainder when 319899 is divided by 417?
60
What is the remainder when 202580641 is divided by 8141?
8138
What is the remainder when 17748054 is divided by 2535436?
2
What is the remainder when 3773084 is divided by 110?
84
What is the remainder when 1398734 is divided by 465863?
1145
What is the remainder when 4432099 is divided by 2162?
2161
What is the remainder when 29692836 is divided by 88?
52
Calculate the remainder when 2376207 is divided by 6124.
95
What is the remainder when 794606 is divided by 8640?
8366
Calculate the remainder when 667181 is divided by 184.
181
Calculate the remainder when 483105 is divided by 161030.
15
What is the remainder when 15148357 is divided by 3480?
3397
What is the remainder when 96687076 is divided by 10743008?
4
Calculate the remainder when 2892094 is divided by 151.
142
What is the remainder when 787035885 is divided by 182?
181
What is the remainder when 805526 is divided by 270?
116
What is the remainder when 7161657 is divided by 1790332?
329
What is the remainder when 3042005 is divided by 2796?
2753
Calculate the remainder when 477607 is divided by 128.
39
Calculate the remainder when 7077654 is divided by 110.
34
What is the remainder when 693189 is divided by 693160?
29
Calculate the remainder when 1063809 is divided by 17158.
13
Calculate the remainder when 767397 is divided by 81.
3
What is the remainder when 3180831 is divided by 102607?
14
What is the remainder when 8811427 is divided by 4466?
9
What is the remainder when 1486053 is divided by 20?
13
Calculate the remainder when 80274 is divided by 353.
143
What is the remainder when 89146881 is divided by 22?
21
What is the remainder when 2461631 is divided by 9324?
95
Calculate the remainder when 32339 is divided by 3249.
3098
Calculate the remainder when 546019 is divided by 90807.
1177
What is the remainder when 23393585 is divided by 669?
662
Calculate the remainder when 3380501 is divided by 375596.
137
What is the remainder when 177353 is divided by 23958?
9647
What is the remainder when 566317 is divided by 282678?
961
Calculate the remainder when 161373 is divided by 18955.
9733
Calculate the remainder when 1736436 is divided by 56014.
2
What is the remainder when 12940469 is divided by 4313472?
53
Calculate the remainder when 6083130 is divided by 148369.
1
Calculate the remainder when 8137 is divided by 6504.
1633
What is the remainder when 132484 is divided by 6929?
833
Calculate the remainder when 1466448 is divided by 7262.
6786
Calculate the remainder when 12100384 is divided by 1686.
1648
Calculate the rema